t p(a) = 132*a**2 - 668*a + 36. Determine p(5).
-4
Let y(m) = -4116*m**2 - 37047*m - 75. What is y(-9)?
-48
Let h(t) = -2*t**2 - 43*t + 206. What is h(-23)?
137
Let i(a) = -40*a**2 - 3533*a - 1161. Determine i(-88).
-17
Let h(l) = l**3 + 36*l**2 + 2805*l + 27833. Determine h(-11).
3
Let g(x) = x**3 - 58*x**2 - 256*x + 297. What is g(-5)?
2
Let z(g) = -39*g**2 + 156*g - 320. Determine z(3).
-203
Let s(y) = -4*y**3 - 79*y**2 + 392*y + 6. What is s(4)?
54
Let c(k) = 2863*k - 1540261. Calculate c(538).
33
Let y(v) = -75984*v - 835827. Give y(-11).
-3
Let q(n) = 16*n**2 - 113*n + 504. Determine q(6).
402
Let t(p) = p**2 - 106*p + 1290. Give t(14).
2
Let z(a) = -8441*a - 69330. Calculate z(-8).
-1802
Let k(c) = -c**3 + 248*c**2 + 8335*c + 1366. Determine k(278).
-24
Let f(t) = 4*t**3 - 62*t**2 + 247*t - 23. Give f(4).
229
Let m(w) = 85990*w + 430000. What is m(-5)?
50
Let a(s) = 52259*s - 209038. Calculate a(4).
-2
Let m(b) = -8957*b - 134462. Calculate m(-15).
-107
Let n(b) = -b**2 + 534*b - 6461. Give n(12).
-197
Let p(w) = 2228*w - 42364. Give p(19).
-32
Let d(i) = -193208*i + 2125348. Calculate d(11).
60
Let d(c) = 53*c + 4669. Calculate d(-90).
-101
Let v(x) = -17*x**2 + 5*x + 3397. Determine v(-14).
-5
Let u(q) = -1971*q + 31697. Calculate u(16).
161
Let p(i) = i**3 - 233*i**2 + 5979*i - 12869. Calculate p(204).
-17
Let u(n) = 1737235*n - 68. What is u(0)?
-68
Let n(c) = -c**2 - 262*c + 4340. Calculate n(15).
185
Let v(j) = -11*j**3 - 27*j**2 - 63*j - 309. Give v(-5).
706
Let z(p) = -3218*p + 54753. Calculate z(17).
47
Let j(i) = 12*i**3 + 1787*i**2 - 155*i - 815. Determine j(-149).
79
Let l(h) = -h**2 - 488*h - 10480. What is l(-22)?
-228
Let k(v) = -v**2 + 204*v + 14587. Give k(-56).
27
Let v(u) = -142462*u + 4. Calculate v(0).
4
Let z(w) = 4*w**2 + 23634*w - 1215744. What is z(51)?
-6
Let b(t) = 363*t**2 + 4387*t + 13243. What is b(-6)?
-11
Let u(l) = -676*l + 425207. What is u(629)?
3
Let j(l) = 193243*l - 579708. Determine j(3).
21
Let m(u) = 207*u + 1622. Give m(-7).
173
Let q(t) = -31*t**3 - 2666*t**2 + 3*t + 205. Give q(-86).
-53
Let y(r) = -5*r**2 + 1470*r - 5909. What is y(4)?
-109
Let g(x) = 3*x**2 - 176*x + 2239. What is g(28)?
-337
Let q(t) = -18*t**2 - 4044*t - 2677. Determine q(-224).
11
Let o(r) = r**2 + 1196*r + 257490. What is o(-282)?
-258
Let d(h) = -h**3 + 10*h**2 - 100*h + 878. Calculate d(10).
-122
Let w(a) = 12*a**2 + 43199*a + 86361. Give w(-2).
11
Let p(r) = -r**2 + 37*r + 2014. Calculate p(-59).
-3650
Let o(t) = -5*t**2 - 176*t + 83442. Give o(-148).
-30
Let g(q) = -174*q**2 + 1402*q + 90. Give g(8).
170
Let b(h) = -52618*h - 210348. What is b(-4)?
124
Let t(u) = -31683*u - 31654. Determine t(-1).
29
Let m(w) = -3*w**3 + 190*w**2 + 227*w - 1071. Calculate m(-3).
39
Let c(j) = 20*j - 1288. Calculate c(63).
-28
Let k(f) = -6124*f + 1236947. What is k(202)?
-101
Let a(q) = 9*q**2 + 37*q + 39. What is a(8)?
911
Let d(b) = -24462*b - 171234. What is d(-7)?
0
Let h(r) = r**3 + 59*r**2 + 1753*r + 98375. Calculate h(-58).
65
Let v(a) = a**2 - 3931*a + 574405. Give v(152).
-3
Let s(x) = 9*x**2 + 4638*x - 258103. What is s(-566)?
-7
Let c(m) = 128*m**2 - 1824*m + 6493. What is c(7)?
-3
Let g(a) = 13*a**3 + 78*a**2 - 173*a - 1066. Determine g(-6).
-28
Let j(a) = a**2 - 63*a - 7510. Calculate j(-59).
-312
Let b(w) = -w**3 - 170*w**2 + 8*w + 1230. What is b(-170)?
-130
Let s(c) = 74040*c + 74083. What is s(-1)?
43
Let i(s) = -5*s**2 - 51*s - 129. What is i(-12)?
-237
Let a(f) = -233016*f - 1165080. Determine a(-5).
0
Let w(t) = -3478*t - 121754. Determine w(-35).
-24
Let j(z) = -z**3 - 347*z**2 + 445*z + 32941. What is j(-348)?
-815
Let m(u) = -u**3 - 25*u**2 + 266*u + 7079. Calculate m(-19).
-141
Let b(f) = 1383*f - 34010. Calculate b(21).
-4967
Let s(h) = 573*h - 252453. Determine s(440).
-333
Let v(u) = -3*u**3 - 47*u**2 - 2. Calculate v(-17).
1154
Let v(h) = -39*h**3 - 1882*h**2 + 1443*h + 1079. Calculate v(-49).
1
Let i(y) = 2176*y - 3091. Calculate i(2).
1261
Let j(b) = 104*b - 317. What is j(10)?
723
Let r(j) = -427*j + 47464. Give r(109).
921
Let c(a) = -51*a**2 - 318*a - 316. Give c(-1).
-49
Let g(r) = 2*r**2 - 69783*r + 697634. What is g(10)?
4
Let p(g) = -8230*g + 115217. Calculate p(14).
-3
Let p(d) = 15*d**2 - 998*d + 11039. Give p(14).
7
Let i(t) = -59*t**2 + 128*t - 381. Calculate i(3).
-528
Let s(f) = -f**2 + 207*f - 855. Give s(4).
-43
Let g(t) = 2*t**3 - 26*t**2 - 1247*t - 54. Determine g(32).
-1046
Let r(t) = -t**2 + 1447*t - 93821. What is r(68)?
-49
Let f(o) = -6915*o + 159091. Calculate f(23).
46
Let k(r) = -r**3 - 664*r**2 + 1343*r - 22. What is k(2)?
0
Let n(o) = -o**2 - 1014*o - 9986. What is n(-10)?
54
Let d(q) = -514*q + 16693. What is d(36)?
-1811
Let d(s) = -s**2 + 5054*s - 50505. Give d(10).
-65
Let y(a) = -17*a**2 - 113*a + 575. What is y(-13)?
-829
Let g(z) = z**2 - 197*z - 5436. Give g(-25).
114
Let w(s) = 21060*s - 547555. Determine w(26).
5
Let c(n) = 435*n - 26496. Give c(61).
39
Let j(k) = -3*k**2 + 75*k + 12. Determine j(-10).
-1038
Let i(p) = 8*p**2 - 74*p + 589. Calculate i(3).
439
Let i(d) = 8*d**2 - 3643*d + 348020. Calculate i(319).
-9
Let k(c) = 60*c**2 + 372*c + 96. Calculate k(-6).
24
Let r(u) = 6*u**2 + 935*u + 3965. Determine r(-152).
469
Let g(q) = -7*q**3 + 745*q**2 - 1777*q + 214. Determine g(104).
-722
Let q(c) = 6728*c + 55021. Calculate q(-8).
1197
Let u(x) = -2*x**2 + 78*x + 3820. Give u(66).
256
Let d(z) = -11*z**2 - 832*z + 6919. Give d(8).
-441
Let k(d) = 6385*d - 1462193. Determine k(229).
-28
Let f(j) = -j**3 - 9*j**2 + 24965*j + 49959. What is f(-2)?
1
Let k(z) = 261*z**2 - 5961*z + 33375. What is k(13)?
-9
Let j(r) = -r**3 - 5*r**2 - 3*r - 36. Calculate j(-5).
-21
Let u(v) = -20458*v + 306876. What is u(15)?
6
Let x(l) = -3101*l**2 - 829*l + 830. Give x(1).
-3100
Let g(v) = v**3 - 6*v**2 - 431*v + 3055. What is g(7)?
87
Let g(l) = -281*l + 4498. Determine g(16).
2
Let c(f) = -52316*f + 100237457. Determine c(1916).
1
Let z(q) = q**3 + 24*q**2 + 199*q + 3462. Give z(-22).
52
Let n(x) = -x**2 + 124*x - 1200. Determine n(10).
-60
Let g(t) = -5*t**3 - 16*t**2 - 552*t - 1651. Give g(-3).
-4
Let k(l) = 41*l**3 - 12*l**2 + 451*l - 451. Give k(1).
29
Let m(d) = 4*d**3 - 68*d**2 - 8221*d + 139752. Give m(17).
-5
Let a(g) = -g**3 + 109*g**2 - 2888*g + 464. Give a(64).
-48
Let u(i) = -7432*i - 6718557. Calculate u(-904).
-29
Let y(g) = g**3 + 146*g**2 - 13*g + 41883. Give y(-148).
-1
Let i(q) = -24*q**3 - 3*q**2 - 5*q - 10. Calculate i(5).
-3110
Let b(f) = 6*f**3 - 51*f**2 - 285*f + 2311. What is b(9)?
-11
Let u(l) = -l**2 + 2144*l + 7. What is u(0)?
7
Let r(y) = 3*y**2 - 617*y + 1953. Determine r(189).
-7497
Let h(c) = c**3 + 15*c**2 - 1830*c - 127. Determine h(-51).
-433
Let i(u) = -201*u**2 + 17282*u + 296. Calculate i(86).
-48
Let v(p) = 7*p**2 + 5541*p - 38824. Determine v(7).
306
Let s(i) = 21*i**3 + 27*i**2 + 40*i - 63. Determine s(-3).
-507
Let s(r) = 331*r + 1736. Calculate s(-8).
-912
Let s(n) = 1755*n - 289536. Determine s(165).
39
Let c(k) = -5*k**3 - 4*k**2 - 106*k - 202. Determine c(-2).
34
Let n(x) = -1890*x + 37740. Give n(20).
-60
Let s(i) = 3596*i + 21497. Calculate s(-6).
-79
Let p(r) = r**3 + 17*r**2 - 34*r - 368. Calculate p(-7).
360
Let s(i) = 163844*i - 1802198. Calculate s(11).
86
Let h(j) = 2*j**3 + 1767*j**2 + 2597*j - 43223. Calculate h(-882).
-5
Let a(y) = y**3 + 9*y**2 - 26*y - 166. Calculate a(-12).
-286
Let x(q) = 665*q**3 + 3*q**2 - 8*q - 11. What is x(-1)?
-665
Let q(r) = -357*r + 3996. Give q(14).
-1002
Let h(m) = 12*m**2 + 662*m + 92. What is h(-56)?
652
Let t(o) = -6975*o - 188276. Give t(-27).
49
Let n(x) = -14*x**2 - 173*x - 83. Give n(-11).
126
Let n(m) = -7*m**2 - 25315*m + 4009611. Determine n(152).
3
Let p(q) = -170*q - 1329. Determine p(-7).
-139
Let l(d) = -5*d**2 - 259*d - 71. What is l(-49)?
615
Let v(c) = -6*c**3 + 3322*c**2 - 2222*c + 5518. What is v(553)?
-12
Let d(i) = -119576*i - 956618. Calculate d(-8).
-10
Let y(b) = b**2 - 1226*b + 32305. Determine y(27).
-68
Let d(f) = 4612*f - 1741. Determine d(0).
-1741
Let k(h) = h**3 + 39*h**2 - 1149*h - 43687. Determine k(-41).
60
Let k(m) = m**3 - 127*m**2 + 368*m - 15939. Calculate k(125).
-1189
Let v(g) = -g**3 - 30*g**2 - 214*g + 12. Give v(-8).
316
Let u(t) = t**3 + 6*t**2 - 14